{"id":401,"date":"2020-09-02T15:42:39","date_gmt":"2020-09-02T15:42:39","guid":{"rendered":"https:\/\/bardinn.is\/?page_id=401"},"modified":"2025-03-18T11:22:56","modified_gmt":"2025-03-18T11:22:56","slug":"hjolastillingar","status":"publish","type":"page","link":"http:\/\/bardinn.is\/?page_id=401","title":{"rendered":"Hj\u00f3lastillingar"},"content":{"rendered":"<p>[et_pb_section fb_built=&#8221;1&#8243; _builder_version=&#8221;4.16&#8243; _module_preset=&#8221;default&#8221; min_height=&#8221;121px&#8221; custom_padding=&#8221;0px||0px|||&#8221; global_colors_info=&#8221;{}&#8221;][\/et_pb_section][et_pb_section fb_built=&#8221;1&#8243; fullwidth=&#8221;on&#8221; _builder_version=&#8221;4.16&#8243; _module_preset=&#8221;default&#8221; global_colors_info=&#8221;{}&#8221;][et_pb_fullwidth_header title=&#8221;Hj\u00f3lastillingar&#8221; button_one_text=&#8221;Ver\u00f0&#8221; button_one_url=&#8221;#verd&#8221; _builder_version=&#8221;4.16&#8243; _module_preset=&#8221;default&#8221; title_font=&#8221;|800|||||||&#8221; title_text_color=&#8221;#041e42&#8243; background_enable_color=&#8221;off&#8221; background_enable_image=&#8221;off&#8221; background_blend=&#8221;soft-light&#8221; custom_button_one=&#8221;on&#8221; button_one_text_color=&#8221;#ffffff&#8221; button_one_bg_color=&#8221;#d22329&#8243; button_one_border_color=&#8221;RGBA(255,255,255,0)&#8221; global_colors_info=&#8221;{}&#8221;]<\/p>\n<p>R\u00e9tt hj\u00f3lastilling skiptir sk\u00f6pum til a\u00f0 au\u00f0velda \u00f6kum\u00f6nnum stj\u00f3rn \u00e1 \u00f6kut\u00e6kinu og h\u00e1marka jafnv\u00e6gi b\u00edlsins vi\u00f0 hemlun. H\u00fan eykur einnig l\u00edft\u00edma hj\u00f3lbar\u00f0anna, dregur \u00far eldsneytisey\u00f0slu og gerir aksturinn \u00fe\u00e6gilegri. Hj\u00f3lastilling borgar sig upp \u00e1 afar sk\u00f6mmum t\u00edma \u00ed dekkjasliti og eldsneytisey\u00f0slu b\u00edlsins.<\/p>\n<p>[\/et_pb_fullwidth_header][\/et_pb_section][et_pb_section fb_built=&#8221;1&#8243; _builder_version=&#8221;4.16&#8243; _module_preset=&#8221;default&#8221; background_image=&#8221;https:\/\/bardinn.is\/wp-content\/uploads\/2021\/08\/SOLNING-SAHARA-SIGGIANTON-6561-scaled.jpg&#8221; global_colors_info=&#8221;{}&#8221;][et_pb_row _builder_version=&#8221;4.16&#8243; _module_preset=&#8221;default&#8221; global_colors_info=&#8221;{}&#8221;][et_pb_column type=&#8221;4_4&#8243; _builder_version=&#8221;4.16&#8243; _module_preset=&#8221;default&#8221; global_colors_info=&#8221;{}&#8221;][et_pb_cta title=&#8221;Helstu v\u00edsbendingar um a\u00f0 b\u00edllinn \u00fearfnist hj\u00f3lastillingar eru:&#8221; _builder_version=&#8221;4.16&#8243; _module_preset=&#8221;default&#8221; header_text_color=&#8221;#041e42&#8243; background_color=&#8221;#f5f6f8&#8243; global_colors_info=&#8221;{}&#8221;]<\/p>\n<p style=\"text-align: center;\">St\u00fdrishj\u00f3li\u00f0 er ekki \u00ed r\u00e9ttri st\u00f6\u00f0u \u00feegar ekinn er beinn vegur.<\/p>\n<p style=\"text-align: center;\">\u00d3e\u00f0lileg hlj\u00f3\u00f0 heyrast fr\u00e1 fj\u00f6\u00f0runarb\u00fana\u00f0inum.<\/p>\n<p style=\"text-align: center;\">B\u00edllinn r\u00e1sar fr\u00e1 einni hli\u00f0 vegar til hinnar.<\/p>\n<p style=\"text-align: center;\">B\u00edllinn leitast vi\u00f0 a\u00f0 beygja til annarrar hli\u00f0ar \u00feegar ekinn er beinn vegur e\u00f0a \u00feegar hemla\u00f0 er.<\/p>\n<p style=\"text-align: center;\">Titringur er \u00ed st\u00fdri e\u00f0a \u00ed gegnum s\u00e6ti bifrei\u00f0arinnar.<\/p>\n<p style=\"text-align: center;\">St\u00fdri\u00f0 virkar of l\u00e9tt.<\/p>\n<p style=\"text-align: center;\">Ekki hefur veri\u00f0 fari\u00f0 me\u00f0 b\u00edlinn \u00ed hj\u00f3lastillingu \u00e1 langan t\u00edma.<\/p>\n<p style=\"text-align: center;\">Slit \u00e1 dekkjunum er \u00f3jafnt.<\/p>\n<p style=\"text-align: center;\">\u00dea\u00f0 v\u00e6lir \u00ed dekkjunum \u00ed beygjum.<\/p>\n<p style=\"text-align: center;\">B\u00edllinn r\u00e9ttir sig ekki hn\u00f6kralaust af eftir beygju.<\/p>\n<p>[\/et_pb_cta][\/et_pb_column][\/et_pb_row][\/et_pb_section][et_pb_section fb_built=&#8221;1&#8243; _builder_version=&#8221;4.16&#8243; _module_preset=&#8221;default&#8221; min_height=&#8221;469px&#8221; custom_padding=&#8221;||0px|||&#8221; global_colors_info=&#8221;{}&#8221;][et_pb_row _builder_version=&#8221;4.16&#8243; _module_preset=&#8221;default&#8221; global_colors_info=&#8221;{}&#8221;][et_pb_column type=&#8221;4_4&#8243; _builder_version=&#8221;4.16&#8243; _module_preset=&#8221;default&#8221; global_colors_info=&#8221;{}&#8221;][et_pb_text _builder_version=&#8221;4.16&#8243; _module_preset=&#8221;default&#8221; global_colors_info=&#8221;{}&#8221;]Fj\u00f6\u00f0runarb\u00fana\u00f0ur er fl\u00f3kinn og krefst \u00feess a\u00f0 jafnv\u00e6gi s\u00e9 \u00ed stillingu allra fj\u00f6gurra hj\u00f3lanna. Sumir telja n\u00e6gilegt a\u00f0 stilla a\u00f0eins af framhj\u00f3lin en \u00f3h\u00e6tt er a\u00f0 m\u00e6la me\u00f0 \u00fev\u00ed a\u00f0 fari\u00f0 s\u00e9 me\u00f0 b\u00edlinn \u00e1 verkst\u00e6\u00f0i \u00fear sem \u00f6ll fj\u00f6gur hj\u00f3lin eru m\u00e6ld \u00ed t\u00f6lvu og \u00feau stillt til a\u00f0 h\u00e1marka afk\u00f6st fj\u00f6\u00f0runarkerfisins. \u00deess ver\u00f0ur \u00fe\u00f3 a\u00f0 geta ekki er h\u00e6gt a\u00f0 stilla afturhj\u00f3l \u00e1 \u00f6llum b\u00edlum.<\/p>\n<p>&nbsp;<\/p>\n<p style=\"text-align: center;\"><span style=\"font-size: x-large; color: #d22329;\">Hj\u00f3lastilling er ekki \u00fea\u00f0 sama og jafnv\u00e6gisstilling \u00e1 dekkjum.<\/span><\/p>\n<p>&nbsp;[\/et_pb_text][\/et_pb_column][\/et_pb_row][\/et_pb_section][et_pb_section fb_built=&#8221;1&#8243; _builder_version=&#8221;4.16&#8243; _module_preset=&#8221;default&#8221; background_color=&#8221;#f5f6f8&#8243; custom_padding=&#8221;0px|||||&#8221; global_colors_info=&#8221;{}&#8221;][et_pb_row _builder_version=&#8221;4.16&#8243; _module_preset=&#8221;default&#8221; global_colors_info=&#8221;{}&#8221;][et_pb_column type=&#8221;4_4&#8243; _builder_version=&#8221;4.16&#8243; _module_preset=&#8221;default&#8221; global_colors_info=&#8221;{}&#8221;][et_pb_text module_id=&#8221;verd&#8221; _builder_version=&#8221;4.16&#8243; _module_preset=&#8221;default&#8221; background_color=&#8221;#f5f6f8&#8243; global_colors_info=&#8221;{}&#8221;]<\/p>\n<h3 style=\"text-align: center;\"><strong>Ver\u00f0:<\/strong><\/h3>\n<p style=\"text-align: center;\">F\u00f3lksb\u00edll<strong> 18.900 kr.<\/strong><\/p>\n<p style=\"text-align: center;\">Jepplingur <strong>19.900 kr.<\/strong><\/p>\n<p style=\"text-align: center;\">Jeppi<strong> 20.990 kr.<\/strong><\/p>\n<p style=\"text-align: center;\">Breyttur jeppi<strong> 28.900 kr.\u00a0<\/strong><\/p>\n<p>[\/et_pb_text][\/et_pb_column][\/et_pb_row][\/et_pb_section][et_pb_section fb_built=&#8221;1&#8243; fullwidth=&#8221;on&#8221; _builder_version=&#8221;4.16&#8243; _module_preset=&#8221;default&#8221; max_width=&#8221;900px&#8221; module_alignment=&#8221;center&#8221; custom_padding=&#8221;120px||120px||false|false&#8221; global_colors_info=&#8221;{}&#8221;][et_pb_fullwidth_code _builder_version=&#8221;4.16&#8243; _module_preset=&#8221;default&#8221; global_colors_info=&#8221;{}&#8221;]<section class=\"sending-form\">\n    <h1 id=\"h1Sending\">Sendu okkur l\u00ednu<\/h1>\n    <p id=\"pSending\"><\/p>\n      <form id=\"mailtoform\">\n        <input class=\"text-field half\" name=\"simi\" id=\"simi\" type=\"text\" placeholder=\"S\u00edman\u00famer\" required\/>\n        <input class=\"text-field half\" name=\"nafn\" id=\"nafn\" type=\"text\" placeholder=\"Fullt Nafn\" required\/>\n        <input class=\"text-field half\" name=\"email\" id=\"email\" type=\"email\" placeholder=\"Email\" required\/>\n        <textarea placeholder=\"Fyrirspurn\" name=\"fyrirspurn\" id=\"fyrirspurn\"><\/textarea>\n        <button class=\"orange-button\">Senda fyrirspurn<\/button>\n      <\/form>\n    <\/section>[\/et_pb_fullwidth_code][\/et_pb_section]<\/p>\n","protected":false},"excerpt":{"rendered":"<p>R\u00e9tt hj\u00f3lastilling skiptir sk\u00f6pum til a\u00f0 au\u00f0velda \u00f6kum\u00f6nnum stj\u00f3rn \u00e1 \u00f6kut\u00e6kinu og h\u00e1marka jafnv\u00e6gi b\u00edlsins vi\u00f0 hemlun. H\u00fan eykur einnig l\u00edft\u00edma hj\u00f3lbar\u00f0anna, dregur \u00far eldsneytisey\u00f0slu og gerir aksturinn \u00fe\u00e6gilegri. Hj\u00f3lastilling borgar sig upp \u00e1 afar sk\u00f6mmum t\u00edma \u00ed dekkjasliti og eldsneytisey\u00f0slu b\u00edlsins.St\u00fdrishj\u00f3li\u00f0 er ekki \u00ed r\u00e9ttri st\u00f6\u00f0u \u00feegar ekinn er beinn vegur. \u00d3e\u00f0lileg hlj\u00f3\u00f0 heyrast [&hellip;]<\/p>\n","protected":false},"author":1,"featured_media":0,"parent":0,"menu_order":0,"comment_status":"closed","ping_status":"closed","template":"","meta":{"_acf_changed":false,"_et_pb_use_builder":"on","_et_pb_old_content":"","_et_gb_content_width":"","footnotes":""},"class_list":["post-401","page","type-page","status-publish","hentry"],"acf":[],"yoast_head":"<!-- This site is optimized with the Yoast SEO plugin v24.7 - https:\/\/yoast.com\/wordpress\/plugins\/seo\/ -->\n<title>Hj\u00f3lastillingar - Bar\u00f0inn<\/title>\n<meta name=\"robots\" content=\"index, follow, max-snippet:-1, max-image-preview:large, max-video-preview:-1\" \/>\n<link rel=\"canonical\" href=\"http:\/\/bardinn.is\/?page_id=401\" \/>\n<meta property=\"og:locale\" content=\"en_US\" \/>\n<meta property=\"og:type\" content=\"article\" \/>\n<meta property=\"og:title\" content=\"Hj\u00f3lastillingar - Bar\u00f0inn\" \/>\n<meta property=\"og:description\" content=\"R\u00e9tt hj\u00f3lastilling skiptir sk\u00f6pum til a\u00f0 au\u00f0velda \u00f6kum\u00f6nnum stj\u00f3rn \u00e1 \u00f6kut\u00e6kinu og h\u00e1marka jafnv\u00e6gi b\u00edlsins vi\u00f0 hemlun. H\u00fan eykur einnig l\u00edft\u00edma hj\u00f3lbar\u00f0anna, dregur \u00far eldsneytisey\u00f0slu og gerir aksturinn \u00fe\u00e6gilegri. Hj\u00f3lastilling borgar sig upp \u00e1 afar sk\u00f6mmum t\u00edma \u00ed dekkjasliti og eldsneytisey\u00f0slu b\u00edlsins.St\u00fdrishj\u00f3li\u00f0 er ekki \u00ed r\u00e9ttri st\u00f6\u00f0u \u00feegar ekinn er beinn vegur. \u00d3e\u00f0lileg hlj\u00f3\u00f0 heyrast [&hellip;]\" \/>\n<meta property=\"og:url\" content=\"http:\/\/bardinn.is\/?page_id=401\" \/>\n<meta property=\"og:site_name\" content=\"Bar\u00f0inn\" \/>\n<meta property=\"article:modified_time\" content=\"2025-03-18T11:22:56+00:00\" \/>\n<meta name=\"twitter:card\" content=\"summary_large_image\" \/>\n<meta name=\"twitter:label1\" content=\"Est. reading time\" \/>\n\t<meta name=\"twitter:data1\" content=\"3 minutes\" \/>\n<script type=\"application\/ld+json\" class=\"yoast-schema-graph\">{\"@context\":\"https:\/\/schema.org\",\"@graph\":[{\"@type\":\"WebPage\",\"@id\":\"http:\/\/bardinn.is\/?page_id=401\",\"url\":\"http:\/\/bardinn.is\/?page_id=401\",\"name\":\"Hj\u00f3lastillingar - Bar\u00f0inn\",\"isPartOf\":{\"@id\":\"https:\/\/bardinn.is\/#website\"},\"datePublished\":\"2020-09-02T15:42:39+00:00\",\"dateModified\":\"2025-03-18T11:22:56+00:00\",\"breadcrumb\":{\"@id\":\"http:\/\/bardinn.is\/?page_id=401#breadcrumb\"},\"inLanguage\":\"en-US\",\"potentialAction\":[{\"@type\":\"ReadAction\",\"target\":[\"http:\/\/bardinn.is\/?page_id=401\"]}]},{\"@type\":\"BreadcrumbList\",\"@id\":\"http:\/\/bardinn.is\/?page_id=401#breadcrumb\",\"itemListElement\":[{\"@type\":\"ListItem\",\"position\":1,\"name\":\"Home\",\"item\":\"https:\/\/bardinn.is\/\"},{\"@type\":\"ListItem\",\"position\":2,\"name\":\"Hj\u00f3lastillingar\"}]},{\"@type\":\"WebSite\",\"@id\":\"https:\/\/bardinn.is\/#website\",\"url\":\"https:\/\/bardinn.is\/\",\"name\":\"Bar\u00f0inn\",\"description\":\"Meira til skiptanna\",\"potentialAction\":[{\"@type\":\"SearchAction\",\"target\":{\"@type\":\"EntryPoint\",\"urlTemplate\":\"https:\/\/bardinn.is\/?s={search_term_string}\"},\"query-input\":{\"@type\":\"PropertyValueSpecification\",\"valueRequired\":true,\"valueName\":\"search_term_string\"}}],\"inLanguage\":\"en-US\"}]}<\/script>\n<!-- \/ Yoast SEO plugin. -->","yoast_head_json":{"title":"Hj\u00f3lastillingar - Bar\u00f0inn","robots":{"index":"index","follow":"follow","max-snippet":"max-snippet:-1","max-image-preview":"max-image-preview:large","max-video-preview":"max-video-preview:-1"},"canonical":"http:\/\/bardinn.is\/?page_id=401","og_locale":"en_US","og_type":"article","og_title":"Hj\u00f3lastillingar - Bar\u00f0inn","og_description":"R\u00e9tt hj\u00f3lastilling skiptir sk\u00f6pum til a\u00f0 au\u00f0velda \u00f6kum\u00f6nnum stj\u00f3rn \u00e1 \u00f6kut\u00e6kinu og h\u00e1marka jafnv\u00e6gi b\u00edlsins vi\u00f0 hemlun. H\u00fan eykur einnig l\u00edft\u00edma hj\u00f3lbar\u00f0anna, dregur \u00far eldsneytisey\u00f0slu og gerir aksturinn \u00fe\u00e6gilegri. Hj\u00f3lastilling borgar sig upp \u00e1 afar sk\u00f6mmum t\u00edma \u00ed dekkjasliti og eldsneytisey\u00f0slu b\u00edlsins.St\u00fdrishj\u00f3li\u00f0 er ekki \u00ed r\u00e9ttri st\u00f6\u00f0u \u00feegar ekinn er beinn vegur. \u00d3e\u00f0lileg hlj\u00f3\u00f0 heyrast [&hellip;]","og_url":"http:\/\/bardinn.is\/?page_id=401","og_site_name":"Bar\u00f0inn","article_modified_time":"2025-03-18T11:22:56+00:00","twitter_card":"summary_large_image","twitter_misc":{"Est. reading time":"3 minutes"},"schema":{"@context":"https:\/\/schema.org","@graph":[{"@type":"WebPage","@id":"http:\/\/bardinn.is\/?page_id=401","url":"http:\/\/bardinn.is\/?page_id=401","name":"Hj\u00f3lastillingar - Bar\u00f0inn","isPartOf":{"@id":"https:\/\/bardinn.is\/#website"},"datePublished":"2020-09-02T15:42:39+00:00","dateModified":"2025-03-18T11:22:56+00:00","breadcrumb":{"@id":"http:\/\/bardinn.is\/?page_id=401#breadcrumb"},"inLanguage":"en-US","potentialAction":[{"@type":"ReadAction","target":["http:\/\/bardinn.is\/?page_id=401"]}]},{"@type":"BreadcrumbList","@id":"http:\/\/bardinn.is\/?page_id=401#breadcrumb","itemListElement":[{"@type":"ListItem","position":1,"name":"Home","item":"https:\/\/bardinn.is\/"},{"@type":"ListItem","position":2,"name":"Hj\u00f3lastillingar"}]},{"@type":"WebSite","@id":"https:\/\/bardinn.is\/#website","url":"https:\/\/bardinn.is\/","name":"Bar\u00f0inn","description":"Meira til skiptanna","potentialAction":[{"@type":"SearchAction","target":{"@type":"EntryPoint","urlTemplate":"https:\/\/bardinn.is\/?s={search_term_string}"},"query-input":{"@type":"PropertyValueSpecification","valueRequired":true,"valueName":"search_term_string"}}],"inLanguage":"en-US"}]}},"_links":{"self":[{"href":"http:\/\/bardinn.is\/index.php?rest_route=\/wp\/v2\/pages\/401","targetHints":{"allow":["GET"]}}],"collection":[{"href":"http:\/\/bardinn.is\/index.php?rest_route=\/wp\/v2\/pages"}],"about":[{"href":"http:\/\/bardinn.is\/index.php?rest_route=\/wp\/v2\/types\/page"}],"author":[{"embeddable":true,"href":"http:\/\/bardinn.is\/index.php?rest_route=\/wp\/v2\/users\/1"}],"replies":[{"embeddable":true,"href":"http:\/\/bardinn.is\/index.php?rest_route=%2Fwp%2Fv2%2Fcomments&post=401"}],"version-history":[{"count":22,"href":"http:\/\/bardinn.is\/index.php?rest_route=\/wp\/v2\/pages\/401\/revisions"}],"predecessor-version":[{"id":754,"href":"http:\/\/bardinn.is\/index.php?rest_route=\/wp\/v2\/pages\/401\/revisions\/754"}],"wp:attachment":[{"href":"http:\/\/bardinn.is\/index.php?rest_route=%2Fwp%2Fv2%2Fmedia&parent=401"}],"curies":[{"name":"wp","href":"https:\/\/api.w.org\/{rel}","templated":true}]}}